e
Is 6319 a prime number?
False
Is 52443959 composite?
False
Is 149921311 a composite number?
False
Is 5060741 a prime number?
False
Is 15266981 prime?
True
Is 377671831 composite?
True
Is 637633 a prime number?
False
Is 7238809 a prime number?
False
Is 28001161 prime?
True
Is 43060309 prime?
True
Is 10375931 a composite number?
True
Is 4992511 a composite number?
False
Is 22692673 composite?
False
Is 51461789 a composite number?
False
Is 11549317 a prime number?
False
Is 211681307 a composite number?
False
Is 37139251 prime?
True
Is 353668901 a composite number?
True
Is 105001181 composite?
False
Is 53017007 composite?
False
Is 42255419 a prime number?
False
Is 4024021 prime?
True
Is 185580443 prime?
False
Is 9444971 a prime number?
False
Is 10434443 prime?
True
Is 1562609 a composite number?
True
Is 31689953 prime?
False
Is 916441 a composite number?
False
Is 10381799 composite?
True
Is 4186381 a composite number?
False
Is 207887371 a composite number?
False
Is 8761843 a composite number?
False
Is 32481193 a composite number?
True
Is 38058923 composite?
True
Is 780359 composite?
True
Is 6944843 prime?
False
Is 83817793 a prime number?
False
Is 22489951 a composite number?
True
Is 14315629 a composite number?
False
Is 6192253 a composite number?
False
Is 79473809 composite?
True
Is 57864493 a composite number?
False
Is 154000027 a prime number?
True
Is 1325833 composite?
True
Is 2845499 a composite number?
False
Is 12982939 prime?
False
Is 863021 a composite number?
True
Is 4870219 a prime number?
True
Is 40164829 composite?
True
Is 4802335 composite?
True
Is 194429009 a composite number?
False
Is 22919803 prime?
True
Is 239511799 a composite number?
False
Is 5016773 a composite number?
False
Is 1432213 composite?
True
Is 6255173 prime?
True
Is 15093769 a prime number?
False
Is 41562182 prime?
False
Is 1999499 a composite number?
False
Is 27204007 composite?
True
Is 136735849 composite?
False
Is 999107 composite?
True
Is 1240931 a composite number?
False
Is 92954177 a composite number?
True
Is 4804187 a composite number?
False
Is 158052187 prime?
True
Is 9109007 a prime number?
False
Is 4061537 a prime number?
False
Is 50415499 prime?
True
Is 240490123 a composite number?
False
Is 19318102 composite?
True
Is 280309 a prime number?
False
Is 25314271 prime?
True
Is 1979533 composite?
True
Is 10616113 a composite number?
True
Is 22982803 composite?
True
Is 210493 composite?
True
Is 294592541 composite?
True
Is 6839549 prime?
False
Is 4392259 prime?
True
Is 37849139 a prime number?
True
Is 164081 composite?
True
Is 31438177 prime?
True
Is 8332271 prime?
False
Is 13610759 a composite number?
False
Is 5191591 a prime number?
False
Is 26836021 composite?
False
Is 15804071 a composite number?
False
Is 12402187 composite?
True
Is 103103915 prime?
False
Is 1277935 a composite number?
True
Is 1329770163 a prime number?
False
Is 3345899 prime?
False
Is 10974737 a prime number?
True
Is 1110106 prime?
False
Is 150217589 a prime number?
True
Is 13305157 composite?
False
Is 8604991 a prime number?
True
Is 13616531 a prime number?
False
Is 72770129 a prime number?
False
Is 252132871 a prime number?
False
Is 6869195 a composite number?
True
Is 746259 composite?
True
Is 84985267 prime?
False
Is 4784141 prime?
True
Is 122760397 a prime number?
False
Is 5332111 prime?
True
Is 3260591 a prime number?
True
Is 9493405 a prime number?
False
Is 4804661 prime?
True
Is 3181651 a prime number?
False
Is 4438523 prime?
False
Is 6177085 composite?
True
Is 221201117 a prime number?
True
Is 59091 prime?
False
Is 7725829 prime?
False
Is 3992611 a composite number?
True
Is 9323723 a prime number?
True
Is 10575535 prime?
False
Is 1650043 composite?
True
Is 14447291 a composite number?
True
Is 6494443 a composite number?
False
Is 1539709 prime?
False
Is 193067599 prime?
True
Is 41880127 prime?
True
Is 1460182 prime?
False
Is 43152823 a prime number?
False
Is 40675981 a prime number?
False
Is 3639193 composite?
False
Is 14669419 a prime number?
False
Is 147423901 a prime number?
True
Is 104841059 prime?
False
Is 65924681 a composite number?
False
Is 11049877 composite?
False
Is 379799773 a prime number?
False
Is 6562351 composite?
False
Is 22189291 composite?
False
Is 73100711 a composite number?
False
Is 14996077 prime?
True
Is 50042483 a prime number?
False
Is 1212691 composite?
True
Is 11967971 a prime number?
True
Is 31223177 composite?
True
Is 115325963 composite?
False
Is 14934497 a composite number?
False
Is 1751759 prime?
False
Is 1806281 a prime number?
True
Is 1900979 a prime number?
False
Is 766459 composite?
True
Is 46249393 a composite number?
True
Is 27937357 prime?
False
Is 5879333 composite?
False
Is 357682717 prime?
False
Is 63927401 prime?
True
Is 2394059 prime?
False
Is 1218803 prime?
False
Is 749231 a composite number?
True
Is 25704949 prime?
True
Is 639625243 composite?
True
Is 30255109 a prime number?
True
Is 18865139 composite?
False
Is 215928697 a prime number?
False
Is 4853209 composite?
True
Is 3059759 a composite number?
True
Is 45348679 prime?
True
Is 105223381 prime?
True
Is 44048489 composite?
True
Is 2009831 a composite number?
False
Is 68699843 prime?
True
Is 20996159 prime?
False
Is 247529 prime?
True
Is 2923351 prime?
True
Is 109405531 a composite number?
False
Is 143919221 a composite number?
True
Is 5068339 a composite number?
True
Is 17739937 a prime number?
True
Is 30413798 a composite number?
True
Is 179002613 composite?
False
Is 4117957 prime?
True
Is 6601142 prime?
False
Is 32145671 composite?
False
Is 988115561 a composite number?
True
Is 43047217 composite?
True
Is 7649027 a composite number?
True
Is 37160659 a composite number?
False
Is 10587323 a prime number?
True
Is 8725877 composite?
False
Is 80467283 composite?
True
Is 67579693 prime?
False
Is 4548851 prime?
False
Is 45104389 prime?
False
Is 45865367 prime?
True
Is 26170853 composite?
False
Is 9597169 composite?
True
Is 100396706 composite?
True
Is 32955007 composite?
True
Is 7639937 a composite number?
True
Is 708197447 composite?
True
Is 53088547 prime?
True
Is 573065 a prime number?
False
Is 2378186 composite?
True
Is 40715551 a composite number?
False
Is 84983 prime?
False
Is 12203957 composite?
True
Is 146203 prime?
True
Is 13593233 composite?
False
Is 15844331 a prime number?
True
Is 268192207 a prime number?
False
Is 188491 prime?
True
Is 16290685 composite?
True
Is 457799009 composite?
False
Is 1984891 prime?
True
Is 20600633 composite?
False
Is 11386409 composite?
False
Is 379007 prime?
True
Is 3608039 a composite number?
False
Is 9338011 a composite number?
False
Is 98517541 prime?
False
Is 3912203 prime?
False
Is 520369 prime?
True
Is 2099609 a prime number?
False
Is 7276307 a composite number?
True
Is 14892415 a composite number?
True
Is 3456361 a prime number?
True
Is 890711 composite?
False
Is 6011231 a prime number?
False
Is 157488767 composite?
True
Is 3268073 a composite number?
True
Is 140150483 prime?
False
Is 14830703 a prime number?
True
Is 9188701 a composite number?
False
Is 191045119 a composite number?
False
Is 16345229 composite?
False
Is 240793487 prime?
False
Is 74039089 a composite number?
False
Is 3508231 prime?
True
Is 38113 composite?
False
Is 43931003 prime?
True
Is 1876705 a prime number?
False
Is 74945429 a prime number?
False
Is 52825679 a composite number?
True
Is 4470203 a prime number?
False
Is 30589093 a composite number?
True
Is 30536069 a prime number?
True
Is 3629371 a composite number?
True
Is 410001569 composite?
False
Is 1626121 a composite number?
True
Is 1966463 prime?
True
Is 5472329 composite?
True
Is 425213 composite?
True
Is 82677943 prime?
False
Is 4019047 composite?
False
Is 2460109 prime?
False
Is 1066297 a prime number?
True
Is 5466103 composite?
False
Is 23014801 composite?
False
Is 5286607 a prime number?
False
Is 12040417 a composite number?
False
Is 506729 prime?
True
Is 261259 a prime number?
False
Is 4041407 a prime number?
True
Is 5899099 a composite number?
False
Is 398424671 prime?
True
Is 318153629 prime?
True
Is 28766947 a composite number?
True
Is 201139958 prime?
False
Is 14938457 a prime number?
True
Is 98955107 composite?
True
Is 10862411 a prime number?
False
Is 128710151 composite?
True
Is 75515537 a compo